{"id":123,"date":"2022-07-21T19:21:39","date_gmt":"2022-07-21T19:21:39","guid":{"rendered":"https:\/\/imoltda.com\/?page_id=123"},"modified":"2025-10-16T20:24:17","modified_gmt":"2025-10-16T20:24:17","slug":"producto","status":"publish","type":"page","link":"https:\/\/imoltda.com\/?page_id=123","title":{"rendered":"Producto"},"content":{"rendered":"\t\t<div data-elementor-type=\"wp-page\" data-elementor-id=\"123\" class=\"elementor elementor-123\">\n\t\t\t\t\t\t\t\t\t<section class=\"elementor-section elementor-top-section elementor-element elementor-element-40cc92f elementor-section-height-min-height elementor-section-boxed elementor-section-height-default elementor-section-items-middle\" data-id=\"40cc92f\" data-element_type=\"section\" data-settings=\"{&quot;background_background&quot;:&quot;classic&quot;}\">\n\t\t\t\t\t\t<div class=\"elementor-container elementor-column-gap-default\">\n\t\t\t\t\t<div class=\"elementor-column elementor-col-50 elementor-top-column elementor-element elementor-element-426e860\" data-id=\"426e860\" data-element_type=\"column\">\n\t\t\t<div class=\"elementor-widget-wrap elementor-element-populated\">\n\t\t\t\t\t\t\t\t<div class=\"elementor-element elementor-element-1792683 elementor-widget elementor-widget-text-editor\" data-id=\"1792683\" data-element_type=\"widget\" data-widget_type=\"text-editor.default\">\n\t\t\t\t<div class=\"elementor-widget-container\">\n\t\t\t<style>\/*! elementor - v3.11.5 - 14-03-2023 *\/\n.elementor-widget-text-editor.elementor-drop-cap-view-stacked .elementor-drop-cap{background-color:#818a91;color:#fff}.elementor-widget-text-editor.elementor-drop-cap-view-framed .elementor-drop-cap{color:#818a91;border:3px solid;background-color:transparent}.elementor-widget-text-editor:not(.elementor-drop-cap-view-default) .elementor-drop-cap{margin-top:8px}.elementor-widget-text-editor:not(.elementor-drop-cap-view-default) .elementor-drop-cap-letter{width:1em;height:1em}.elementor-widget-text-editor .elementor-drop-cap{float:left;text-align:center;line-height:1;font-size:50px}.elementor-widget-text-editor .elementor-drop-cap-letter{display:inline-block}<\/style>\t\t\t\tTIPO DE MADERA\t\t\t\t\t\t<\/div>\n\t\t\t\t<\/div>\n\t\t\t\t<div class=\"elementor-element elementor-element-6f24fda elementor-widget elementor-widget-text-editor\" data-id=\"6f24fda\" data-element_type=\"widget\" data-widget_type=\"text-editor.default\">\n\t\t\t\t<div class=\"elementor-widget-container\">\n\t\t\t\t\t\t\t<p>El tipo de madera comercializada es poste, cruceta rolliza, limat\u00f3n, vara, pilote y poste de cerca rollizo o aserrado en EUCALIPTO; cruceta aserrada, se utilizan MADERAS SELV\u00c1TICAS duras y dem\u00e1s maderas en pino p\u00e1tula. Por el tratamiento que se realiza, la madera inmunizada es resistente en aguas salinas.<\/p><p>La madera cumple en su totalidad con las especificaciones de las normas ICONTEC NTC, 776-1985, 1056-1978 NTC 2189, et 401 y NTC 2083; igualmente estamos certificados con la norma ISO 9001: 2015, CIDET producto certificado poste y cruceta para el procesamiento de inmunizaci\u00f3n y comercializaci\u00f3n de maderas.<\/p>\t\t\t\t\t\t<\/div>\n\t\t\t\t<\/div>\n\t\t\t\t\t<\/div>\n\t\t<\/div>\n\t\t\t\t<div class=\"elementor-column elementor-col-50 elementor-top-column elementor-element elementor-element-97d335e\" data-id=\"97d335e\" data-element_type=\"column\">\n\t\t\t<div class=\"elementor-widget-wrap\">\n\t\t\t\t\t\t\t\t\t<\/div>\n\t\t<\/div>\n\t\t\t\t\t\t\t<\/div>\n\t\t<\/section>\n\t\t\t\t<section class=\"elementor-section elementor-top-section elementor-element elementor-element-b708dea elementor-section-full_width elementor-section-height-default elementor-section-height-default\" data-id=\"b708dea\" data-element_type=\"section\" data-settings=\"{&quot;background_background&quot;:&quot;classic&quot;}\">\n\t\t\t\t\t\t<div class=\"elementor-container elementor-column-gap-default\">\n\t\t\t\t\t<div class=\"elementor-column elementor-col-50 elementor-top-column elementor-element elementor-element-2bc63cf\" data-id=\"2bc63cf\" data-element_type=\"column\">\n\t\t\t<div class=\"elementor-widget-wrap elementor-element-populated\">\n\t\t\t\t\t\t\t\t<div class=\"elementor-element elementor-element-d94e2f2 elementor-widget elementor-widget-text-editor\" data-id=\"d94e2f2\" data-element_type=\"widget\" data-widget_type=\"text-editor.default\">\n\t\t\t\t<div class=\"elementor-widget-container\">\n\t\t\t\t\t\t\tSECTORES DE APLICACI\u00d3N\t\t\t\t\t\t<\/div>\n\t\t\t\t<\/div>\n\t\t\t\t<div class=\"elementor-element elementor-element-9ce000e elementor-widget elementor-widget-text-editor\" data-id=\"9ce000e\" data-element_type=\"widget\" data-widget_type=\"text-editor.default\">\n\t\t\t\t<div class=\"elementor-widget-container\">\n\t\t\t\t\t\t\t<p class=\"p1\">Construcci\u00f3n, miner\u00eda, redes el\u00e9ctricas, juegos infantiles, construcciones de viviendas modernas o tipo colonial, postes para cercas agr\u00edcolas, represas h\u00eddricas y otras obras civiles.<\/p>\t\t\t\t\t\t<\/div>\n\t\t\t\t<\/div>\n\t\t\t\t\t<\/div>\n\t\t<\/div>\n\t\t\t\t<div class=\"elementor-column elementor-col-50 elementor-top-column elementor-element elementor-element-1fb0a89\" data-id=\"1fb0a89\" data-element_type=\"column\">\n\t\t\t<div class=\"elementor-widget-wrap elementor-element-populated\">\n\t\t\t\t\t\t\t\t<div class=\"elementor-element elementor-element-d7001d6 elementor-widget elementor-widget-image\" data-id=\"d7001d6\" data-element_type=\"widget\" data-widget_type=\"image.default\">\n\t\t\t\t<div class=\"elementor-widget-container\">\n\t\t\t<style>\/*! elementor - v3.11.5 - 14-03-2023 *\/\n.elementor-widget-image{text-align:center}.elementor-widget-image a{display:inline-block}.elementor-widget-image a img[src$=\".svg\"]{width:48px}.elementor-widget-image img{vertical-align:middle;display:inline-block}<\/style>\t\t\t\t\t\t\t\t\t\t\t\t<img width=\"1010\" height=\"521\" src=\"https:\/\/imoltda.com\/wp-content\/uploads\/2022\/07\/Pag-Web-09.png\" class=\"attachment-large size-large wp-image-103\" alt=\"\" loading=\"lazy\" srcset=\"https:\/\/imoltda.com\/wp-content\/uploads\/2022\/07\/Pag-Web-09.png 1010w, https:\/\/imoltda.com\/wp-content\/uploads\/2022\/07\/Pag-Web-09-300x155.png 300w, https:\/\/imoltda.com\/wp-content\/uploads\/2022\/07\/Pag-Web-09-768x396.png 768w\" sizes=\"(max-width: 1010px) 100vw, 1010px\" \/>\t\t\t\t\t\t\t\t\t\t\t\t\t\t\t<\/div>\n\t\t\t\t<\/div>\n\t\t\t\t\t<\/div>\n\t\t<\/div>\n\t\t\t\t\t\t\t<\/div>\n\t\t<\/section>\n\t\t\t\t<section class=\"elementor-section elementor-top-section elementor-element elementor-element-493eab9 elementor-section-boxed elementor-section-height-default elementor-section-height-default\" data-id=\"493eab9\" data-element_type=\"section\" data-settings=\"{&quot;background_background&quot;:&quot;classic&quot;}\">\n\t\t\t\t\t\t<div class=\"elementor-container elementor-column-gap-default\">\n\t\t\t\t\t<div class=\"elementor-column elementor-col-100 elementor-top-column elementor-element elementor-element-a8a91c2\" data-id=\"a8a91c2\" data-element_type=\"column\" data-settings=\"{&quot;background_background&quot;:&quot;classic&quot;}\">\n\t\t\t<div class=\"elementor-widget-wrap elementor-element-populated\">\n\t\t\t\t\t\t\t\t<section class=\"elementor-section elementor-inner-section elementor-element elementor-element-fab778e elementor-section-boxed elementor-section-height-default elementor-section-height-default\" data-id=\"fab778e\" data-element_type=\"section\">\n\t\t\t\t\t\t<div class=\"elementor-container elementor-column-gap-wider\">\n\t\t\t\t\t<div class=\"elementor-column elementor-col-50 elementor-inner-column elementor-element elementor-element-1cb4568\" data-id=\"1cb4568\" data-element_type=\"column\" data-settings=\"{&quot;background_background&quot;:&quot;classic&quot;}\">\n\t\t\t<div class=\"elementor-widget-wrap elementor-element-populated\">\n\t\t\t\t\t\t\t\t<div class=\"elementor-element elementor-element-d206964 elementor-widget elementor-widget-image\" data-id=\"d206964\" data-element_type=\"widget\" data-widget_type=\"image.default\">\n\t\t\t\t<div class=\"elementor-widget-container\">\n\t\t\t\t\t\t\t\t\t\t\t\t\t\t\t<img width=\"652\" height=\"652\" src=\"https:\/\/imoltda.com\/wp-content\/uploads\/2022\/07\/Pag-Web-10.jpg\" class=\"attachment-large size-large wp-image-104\" alt=\"\" loading=\"lazy\" srcset=\"https:\/\/imoltda.com\/wp-content\/uploads\/2022\/07\/Pag-Web-10.jpg 652w, https:\/\/imoltda.com\/wp-content\/uploads\/2022\/07\/Pag-Web-10-300x300.jpg 300w, https:\/\/imoltda.com\/wp-content\/uploads\/2022\/07\/Pag-Web-10-150x150.jpg 150w\" sizes=\"(max-width: 652px) 100vw, 652px\" \/>\t\t\t\t\t\t\t\t\t\t\t\t\t\t\t<\/div>\n\t\t\t\t<\/div>\n\t\t\t\t<div class=\"elementor-element elementor-element-030aeb3 elementor-widget elementor-widget-text-editor\" data-id=\"030aeb3\" data-element_type=\"widget\" data-widget_type=\"text-editor.default\">\n\t\t\t\t<div class=\"elementor-widget-container\">\n\t\t\t\t\t\t\t<p class=\"p1\">Madera rolliza Eucalipto que se vende (Eucalipto globulos, Eucalipto pellita)<\/p>\t\t\t\t\t\t<\/div>\n\t\t\t\t<\/div>\n\t\t\t\t\t<\/div>\n\t\t<\/div>\n\t\t\t\t<div class=\"elementor-column elementor-col-50 elementor-inner-column elementor-element elementor-element-9615a35\" data-id=\"9615a35\" data-element_type=\"column\" data-settings=\"{&quot;background_background&quot;:&quot;classic&quot;}\">\n\t\t\t<div class=\"elementor-widget-wrap elementor-element-populated\">\n\t\t\t\t\t\t\t\t<div class=\"elementor-element elementor-element-2113676 elementor-widget elementor-widget-image\" data-id=\"2113676\" data-element_type=\"widget\" data-widget_type=\"image.default\">\n\t\t\t\t<div class=\"elementor-widget-container\">\n\t\t\t\t\t\t\t\t\t\t\t\t\t\t\t<img width=\"652\" height=\"652\" src=\"https:\/\/imoltda.com\/wp-content\/uploads\/2022\/07\/Pag-Web-11.jpg\" class=\"attachment-large size-large wp-image-105\" alt=\"\" loading=\"lazy\" srcset=\"https:\/\/imoltda.com\/wp-content\/uploads\/2022\/07\/Pag-Web-11.jpg 652w, https:\/\/imoltda.com\/wp-content\/uploads\/2022\/07\/Pag-Web-11-300x300.jpg 300w, https:\/\/imoltda.com\/wp-content\/uploads\/2022\/07\/Pag-Web-11-150x150.jpg 150w\" sizes=\"(max-width: 652px) 100vw, 652px\" \/>\t\t\t\t\t\t\t\t\t\t\t\t\t\t\t<\/div>\n\t\t\t\t<\/div>\n\t\t\t\t<div class=\"elementor-element elementor-element-2f673d3 elementor-widget elementor-widget-text-editor\" data-id=\"2f673d3\" data-element_type=\"widget\" data-widget_type=\"text-editor.default\">\n\t\t\t\t<div class=\"elementor-widget-container\">\n\t\t\t\t\t\t\t<p class=\"p1\">Madera aserrada Pino patula (Repisas, Sobre Repisas, Canes, Vigas, Viguetas, Tablillas, listones planchones)<\/p>\t\t\t\t\t\t<\/div>\n\t\t\t\t<\/div>\n\t\t\t\t\t<\/div>\n\t\t<\/div>\n\t\t\t\t\t\t\t<\/div>\n\t\t<\/section>\n\t\t\t\t<section class=\"elementor-section elementor-inner-section elementor-element elementor-element-20bffac elementor-section-boxed elementor-section-height-default elementor-section-height-default\" data-id=\"20bffac\" data-element_type=\"section\">\n\t\t\t\t\t\t<div class=\"elementor-container elementor-column-gap-wider\">\n\t\t\t\t\t<div class=\"elementor-column elementor-col-50 elementor-inner-column elementor-element elementor-element-76c5cbc\" data-id=\"76c5cbc\" data-element_type=\"column\" data-settings=\"{&quot;background_background&quot;:&quot;classic&quot;}\">\n\t\t\t<div class=\"elementor-widget-wrap elementor-element-populated\">\n\t\t\t\t\t\t\t\t<div class=\"elementor-element elementor-element-1355168 elementor-widget elementor-widget-image\" data-id=\"1355168\" data-element_type=\"widget\" data-widget_type=\"image.default\">\n\t\t\t\t<div class=\"elementor-widget-container\">\n\t\t\t\t\t\t\t\t\t\t\t\t\t\t\t<img width=\"652\" height=\"652\" src=\"https:\/\/imoltda.com\/wp-content\/uploads\/2022\/07\/Pag-Web-12.jpg\" class=\"attachment-large size-large wp-image-106\" alt=\"\" loading=\"lazy\" srcset=\"https:\/\/imoltda.com\/wp-content\/uploads\/2022\/07\/Pag-Web-12.jpg 652w, https:\/\/imoltda.com\/wp-content\/uploads\/2022\/07\/Pag-Web-12-300x300.jpg 300w, https:\/\/imoltda.com\/wp-content\/uploads\/2022\/07\/Pag-Web-12-150x150.jpg 150w\" sizes=\"(max-width: 652px) 100vw, 652px\" \/>\t\t\t\t\t\t\t\t\t\t\t\t\t\t\t<\/div>\n\t\t\t\t<\/div>\n\t\t\t\t<div class=\"elementor-element elementor-element-94c0f95 elementor-widget elementor-widget-text-editor\" data-id=\"94c0f95\" data-element_type=\"widget\" data-widget_type=\"text-editor.default\">\n\t\t\t\t<div class=\"elementor-widget-container\">\n\t\t\t\t\t\t\t<p class=\"p1\">Madera aserrada en Eucalipto (cercos, Vigas, planchones,viguetas, Repisas)<\/p>\t\t\t\t\t\t<\/div>\n\t\t\t\t<\/div>\n\t\t\t\t\t<\/div>\n\t\t<\/div>\n\t\t\t\t<div class=\"elementor-column elementor-col-50 elementor-inner-column elementor-element elementor-element-8ca6bce\" data-id=\"8ca6bce\" data-element_type=\"column\" data-settings=\"{&quot;background_background&quot;:&quot;classic&quot;}\">\n\t\t\t<div class=\"elementor-widget-wrap elementor-element-populated\">\n\t\t\t\t\t\t\t\t<div class=\"elementor-element elementor-element-95baebe elementor-widget elementor-widget-image\" data-id=\"95baebe\" data-element_type=\"widget\" data-widget_type=\"image.default\">\n\t\t\t\t<div class=\"elementor-widget-container\">\n\t\t\t\t\t\t\t\t\t\t\t\t\t\t\t<img width=\"652\" height=\"652\" src=\"https:\/\/imoltda.com\/wp-content\/uploads\/2022\/07\/Pag-Web-13.jpg\" class=\"attachment-large size-large wp-image-107\" alt=\"\" loading=\"lazy\" srcset=\"https:\/\/imoltda.com\/wp-content\/uploads\/2022\/07\/Pag-Web-13.jpg 652w, https:\/\/imoltda.com\/wp-content\/uploads\/2022\/07\/Pag-Web-13-300x300.jpg 300w, https:\/\/imoltda.com\/wp-content\/uploads\/2022\/07\/Pag-Web-13-150x150.jpg 150w\" sizes=\"(max-width: 652px) 100vw, 652px\" \/>\t\t\t\t\t\t\t\t\t\t\t\t\t\t\t<\/div>\n\t\t\t\t<\/div>\n\t\t\t\t<div class=\"elementor-element elementor-element-fb34736 elementor-widget elementor-widget-text-editor\" data-id=\"fb34736\" data-element_type=\"widget\" data-widget_type=\"text-editor.default\">\n\t\t\t\t<div class=\"elementor-widget-container\">\n\t\t\t\t\t\t\t<p class=\"p1\">Maderas duras (Crucetas de 4 M, 3M,2.5M ,2 M)<\/p>\t\t\t\t\t\t<\/div>\n\t\t\t\t<\/div>\n\t\t\t\t\t<\/div>\n\t\t<\/div>\n\t\t\t\t\t\t\t<\/div>\n\t\t<\/section>\n\t\t\t\t\t<\/div>\n\t\t<\/div>\n\t\t\t\t\t\t\t<\/div>\n\t\t<\/section>\n\t\t\t\t<section class=\"elementor-section elementor-top-section elementor-element elementor-element-2202ad0 elementor-section-boxed elementor-section-height-default elementor-section-height-default\" data-id=\"2202ad0\" data-element_type=\"section\" data-settings=\"{&quot;background_background&quot;:&quot;classic&quot;}\">\n\t\t\t\t\t\t<div class=\"elementor-container elementor-column-gap-default\">\n\t\t\t\t\t<div class=\"elementor-column elementor-col-33 elementor-top-column elementor-element elementor-element-4fb031c\" data-id=\"4fb031c\" data-element_type=\"column\">\n\t\t\t<div class=\"elementor-widget-wrap elementor-element-populated\">\n\t\t\t\t\t\t\t\t<div class=\"elementor-element elementor-element-26e72af elementor-widget elementor-widget-text-editor\" data-id=\"26e72af\" data-element_type=\"widget\" data-widget_type=\"text-editor.default\">\n\t\t\t\t<div class=\"elementor-widget-container\">\n\t\t\t\t\t\t\tCertificados por:\t\t\t\t\t\t<\/div>\n\t\t\t\t<\/div>\n\t\t\t\t\t<\/div>\n\t\t<\/div>\n\t\t\t\t<div class=\"elementor-column elementor-col-33 elementor-top-column elementor-element elementor-element-8502af2\" data-id=\"8502af2\" data-element_type=\"column\">\n\t\t\t<div class=\"elementor-widget-wrap elementor-element-populated\">\n\t\t\t\t\t\t\t\t<div class=\"elementor-element elementor-element-57d0dce elementor-widget elementor-widget-image\" data-id=\"57d0dce\" data-element_type=\"widget\" data-widget_type=\"image.default\">\n\t\t\t\t<div class=\"elementor-widget-container\">\n\t\t\t\t\t\t\t\t\t\t\t\t\t\t\t<img width=\"413\" height=\"145\" src=\"https:\/\/imoltda.com\/wp-content\/uploads\/2022\/07\/Pag-Web-17.png\" class=\"attachment-large size-large wp-image-15\" alt=\"\" loading=\"lazy\" srcset=\"https:\/\/imoltda.com\/wp-content\/uploads\/2022\/07\/Pag-Web-17.png 413w, https:\/\/imoltda.com\/wp-content\/uploads\/2022\/07\/Pag-Web-17-300x105.png 300w\" sizes=\"(max-width: 413px) 100vw, 413px\" \/>\t\t\t\t\t\t\t\t\t\t\t\t\t\t\t<\/div>\n\t\t\t\t<\/div>\n\t\t\t\t\t<\/div>\n\t\t<\/div>\n\t\t\t\t<div class=\"elementor-column elementor-col-33 elementor-top-column elementor-element elementor-element-58d5ac9\" data-id=\"58d5ac9\" data-element_type=\"column\">\n\t\t\t<div class=\"elementor-widget-wrap elementor-element-populated\">\n\t\t\t\t\t\t\t\t<div class=\"elementor-element elementor-element-b527276 elementor-widget elementor-widget-image\" data-id=\"b527276\" data-element_type=\"widget\" data-widget_type=\"image.default\">\n\t\t\t\t<div class=\"elementor-widget-container\">\n\t\t\t\t\t\t\t\t\t\t\t\t\t\t\t<img width=\"413\" height=\"149\" src=\"https:\/\/imoltda.com\/wp-content\/uploads\/2022\/07\/Pag-Web-18.png\" class=\"attachment-large size-large wp-image-16\" alt=\"\" loading=\"lazy\" srcset=\"https:\/\/imoltda.com\/wp-content\/uploads\/2022\/07\/Pag-Web-18.png 413w, https:\/\/imoltda.com\/wp-content\/uploads\/2022\/07\/Pag-Web-18-300x108.png 300w\" sizes=\"(max-width: 413px) 100vw, 413px\" \/>\t\t\t\t\t\t\t\t\t\t\t\t\t\t\t<\/div>\n\t\t\t\t<\/div>\n\t\t\t\t\t<\/div>\n\t\t<\/div>\n\t\t\t\t\t\t\t<\/div>\n\t\t<\/section>\n\t\t\t\t<section class=\"elementor-section elementor-top-section elementor-element elementor-element-1c8295e elementor-section-boxed elementor-section-height-default elementor-section-height-default\" data-id=\"1c8295e\" data-element_type=\"section\">\n\t\t\t\t\t\t<div class=\"elementor-container elementor-column-gap-default\">\n\t\t\t\t\t<div class=\"elementor-column elementor-col-100 elementor-top-column elementor-element elementor-element-17f2cc4\" data-id=\"17f2cc4\" data-element_type=\"column\">\n\t\t\t<div class=\"elementor-widget-wrap elementor-element-populated\">\n\t\t\t\t\t\t\t\t<div class=\"elementor-element elementor-element-29db0f5 elementor-widget elementor-widget-text-editor\" data-id=\"29db0f5\" data-element_type=\"widget\" data-widget_type=\"text-editor.default\">\n\t\t\t\t<div class=\"elementor-widget-container\">\n\t\t\t\t\t\t\t<h6><a href=\"http:\/\/imoltda.com\/wp-content\/uploads\/2025\/10\/MANUAL-DE-USO-Y-MANTENIMIENTO.pdf\">MANUAL DE USO Y MANTENIMIENTO<\/a><\/h6>\t\t\t\t\t\t<\/div>\n\t\t\t\t<\/div>\n\t\t\t\t\t<\/div>\n\t\t<\/div>\n\t\t\t\t\t\t\t<\/div>\n\t\t<\/section>\n\t\t\t\t\t\t\t<\/div>\n\t\t","protected":false},"excerpt":{"rendered":"<p>TIPO DE MADERA El tipo de madera comercializada es poste, cruceta rolliza, limat\u00f3n, vara, pilote y poste de cerca rollizo o aserrado en EUCALIPTO; cruceta aserrada, se utilizan MADERAS SELV\u00c1TICAS duras y dem\u00e1s maderas en pino p\u00e1tula. Por el tratamiento que se realiza, la madera inmunizada es resistente en aguas salinas. La madera cumple en &hellip;<\/p>\n<p class=\"read-more\"> <a class=\"\" href=\"https:\/\/imoltda.com\/?page_id=123\"> <span class=\"screen-reader-text\">Producto<\/span> Leer m\u00e1s &raquo;<\/a><\/p>\n","protected":false},"author":1,"featured_media":0,"parent":0,"menu_order":0,"comment_status":"closed","ping_status":"closed","template":"","meta":{"site-sidebar-layout":"no-sidebar","site-content-layout":"page-builder","ast-global-header-display":"","ast-main-header-display":"","ast-hfb-above-header-display":"","ast-hfb-below-header-display":"","ast-hfb-mobile-header-display":"","site-post-title":"disabled","ast-breadcrumbs-content":"","ast-featured-img":"disabled","footer-sml-layout":"","theme-transparent-header-meta":"","adv-header-id-meta":"","stick-header-meta":"","header-above-stick-meta":"","header-main-stick-meta":"","header-below-stick-meta":"","_joinchat":[]},"_links":{"self":[{"href":"https:\/\/imoltda.com\/index.php?rest_route=\/wp\/v2\/pages\/123"}],"collection":[{"href":"https:\/\/imoltda.com\/index.php?rest_route=\/wp\/v2\/pages"}],"about":[{"href":"https:\/\/imoltda.com\/index.php?rest_route=\/wp\/v2\/types\/page"}],"author":[{"embeddable":true,"href":"https:\/\/imoltda.com\/index.php?rest_route=\/wp\/v2\/users\/1"}],"replies":[{"embeddable":true,"href":"https:\/\/imoltda.com\/index.php?rest_route=%2Fwp%2Fv2%2Fcomments&post=123"}],"version-history":[{"count":22,"href":"https:\/\/imoltda.com\/index.php?rest_route=\/wp\/v2\/pages\/123\/revisions"}],"predecessor-version":[{"id":183,"href":"https:\/\/imoltda.com\/index.php?rest_route=\/wp\/v2\/pages\/123\/revisions\/183"}],"wp:attachment":[{"href":"https:\/\/imoltda.com\/index.php?rest_route=%2Fwp%2Fv2%2Fmedia&parent=123"}],"curies":[{"name":"wp","href":"https:\/\/api.w.org\/{rel}","templated":true}]}}